{"id":2,"date":"2022-07-01T07:55:20","date_gmt":"2022-07-01T07:55:20","guid":{"rendered":"http:\/\/kleenoil.ee\/?page_id=2"},"modified":"2023-02-23T13:37:03","modified_gmt":"2023-02-23T13:37:03","slug":"sisukaart","status":"publish","type":"page","link":"https:\/\/kleenoil.ee\/index.php\/sisukaart\/","title":{"rendered":"Sisukaart"},"content":{"rendered":"\n<blockquote class=\"wp-block-quote is-layout-flow wp-block-quote-is-layout-flow\">\n<p>Meie p\u00f5hitegevus on suunatud erinevate innovatiivsete ja kvaliteetsete toodete turustamine. Oleme mitmete tootjate ametlikud edasim\u00fc\u00fcjad Baltikumis. Meie valik on k\u00fcllaltki lai, aga sinna on valitud vaid kvaliteetsed ning ROHELIST elu- ja m\u00f5tteviisi toetavad tooted ja teenused.<\/p>\n<\/blockquote>\n\n\n\n<p class=\"has-text-align-center has-x-large-font-size\"><strong>Tagatud tulemus!&nbsp;<\/strong><\/p>\n\n\n\n<h3 class=\"has-text-align-center wp-block-heading\">&#8220;Ei ole t\u00e4htis kui odavalt sa asju ostad, t\u00e4htis on kui palju sul kulub hiljem!&#8221;<\/h3>\n","protected":false},"excerpt":{"rendered":"<p>Meie p\u00f5hitegevus on suunatud erinevate innovatiivsete ja kvaliteetsete toodete turustamine. Oleme mitmete tootjate ametlikud edasim\u00fc\u00fcjad Baltikumis. Meie valik on k\u00fcllaltki lai, aga sinna on valitud vaid kvaliteetsed ning ROHELIST elu- ja m\u00f5tteviisi toetavad tooted ja teenused. Tagatud tulemus!&nbsp; &#8220;Ei ole t\u00e4htis kui odavalt sa asju ostad, t\u00e4htis on kui palju sul kulub hiljem!&#8221;<\/p>\n","protected":false},"author":1,"featured_media":0,"parent":0,"menu_order":0,"comment_status":"closed","ping_status":"closed","template":"","meta":{"footnotes":""},"class_list":["post-2","page","type-page","status-publish","hentry"],"_links":{"self":[{"href":"https:\/\/kleenoil.ee\/index.php\/wp-json\/wp\/v2\/pages\/2","targetHints":{"allow":["GET"]}}],"collection":[{"href":"https:\/\/kleenoil.ee\/index.php\/wp-json\/wp\/v2\/pages"}],"about":[{"href":"https:\/\/kleenoil.ee\/index.php\/wp-json\/wp\/v2\/types\/page"}],"author":[{"embeddable":true,"href":"https:\/\/kleenoil.ee\/index.php\/wp-json\/wp\/v2\/users\/1"}],"replies":[{"embeddable":true,"href":"https:\/\/kleenoil.ee\/index.php\/wp-json\/wp\/v2\/comments?post=2"}],"version-history":[{"count":3,"href":"https:\/\/kleenoil.ee\/index.php\/wp-json\/wp\/v2\/pages\/2\/revisions"}],"predecessor-version":[{"id":7459,"href":"https:\/\/kleenoil.ee\/index.php\/wp-json\/wp\/v2\/pages\/2\/revisions\/7459"}],"wp:attachment":[{"href":"https:\/\/kleenoil.ee\/index.php\/wp-json\/wp\/v2\/media?parent=2"}],"curies":[{"name":"wp","href":"https:\/\/api.w.org\/{rel}","templated":true}]}}