{"id":7148,"date":"2022-07-12T09:26:41","date_gmt":"2022-07-12T09:26:41","guid":{"rendered":"http:\/\/kleenoil.ee\/index.php\/toode\/taissunteetiline-kahetaktiliste-mootorioli-srx-9000\/"},"modified":"2022-07-12T17:21:03","modified_gmt":"2022-07-12T17:21:03","slug":"taissunteetiline-kahetaktiliste-mootorioli-srx-9000","status":"publish","type":"product","link":"https:\/\/kleenoil.ee\/index.php\/toode\/taissunteetiline-kahetaktiliste-mootorioli-srx-9000\/","title":{"rendered":"T\u00e4iss\u00fcnteetiline kahetaktiliste mootori\u00f5li SRX-9000"},"content":{"rendered":"<p><strong>SRX 9000<\/strong> on v&auml;ga t&otilde;hus t&auml;iss&uuml;nteetiline kahetaktliste mootorite &otilde;li suure v&otilde;i maksimaalse v&otilde;imsuseni viidud mootoritele. Sisaldab spetsiaalseid lisandeid, mis moodustavad kaitsva kihi k&otilde;ikidele metallpindadele. Tagab madalama mootori t&ouml;&ouml;temperatuuri, maksimaalse kaitse ja &uuml;limadala h&otilde;&otilde;rdumise.<\/p>\n<p><strong>M&otilde;eldud v&otilde;idus&otilde;idumootoritele.<\/strong><\/p>\n<p><strong>Vastab:<br \/><\/strong>&nbsp;&#8211; ISO 6743-15EGD<br \/>&nbsp;&#8211; NMMA TC-W3<br \/>&nbsp;&#8211; JASO FC<br \/>&nbsp;&#8211; JASO FD<br \/>&nbsp;&#8211; ISO-L-EGC<br \/>&nbsp;&#8211; L ISO EGD<\/p>\n<p><strong>Kasutusvaldkond:<\/strong><br \/>&nbsp;&#8211; Kardid<br \/>&nbsp;&#8211; Mootorrattad<br \/>&nbsp;&#8211; Mootorsaed<br \/>&nbsp;&#8211; Mopeedid<br \/>&nbsp;&#8211; Mootorsaanid<br \/>&nbsp;&#8211; Jetid<br \/>&nbsp;&#8211; Paadid<\/p>\n","protected":false},"excerpt":{"rendered":"<p><strong>SRX 9000<\/strong> on v&auml;ga t&otilde;hus t&auml;iss&uuml;nteetiline kahetaktliste mootorite &otilde;li.<\/p>\n","protected":false},"featured_media":5853,"template":"","meta":[],"product_brand":[],"product_cat":[338,310,321,333],"product_tag":[],"class_list":{"0":"post-7148","1":"product","2":"type-product","3":"status-publish","4":"has-post-thumbnail","6":"product_cat-2-taktiline-mootor","7":"product_cat-maardeained","8":"product_cat-mootoriolid","9":"product_cat-racing-tooted","10":"product_shipping_class-1-3-paeva","11":"pa_kogus-1l","12":"pa_kogus-20l","13":"pa_kogus-4l","15":"first","16":"instock","17":"taxable","18":"shipping-taxable","19":"purchasable","20":"product-type-variable"},"_links":{"self":[{"href":"https:\/\/kleenoil.ee\/index.php\/wp-json\/wp\/v2\/product\/7148","targetHints":{"allow":["GET"]}}],"collection":[{"href":"https:\/\/kleenoil.ee\/index.php\/wp-json\/wp\/v2\/product"}],"about":[{"href":"https:\/\/kleenoil.ee\/index.php\/wp-json\/wp\/v2\/types\/product"}],"wp:featuredmedia":[{"embeddable":true,"href":"https:\/\/kleenoil.ee\/index.php\/wp-json\/wp\/v2\/media\/5853"}],"wp:attachment":[{"href":"https:\/\/kleenoil.ee\/index.php\/wp-json\/wp\/v2\/media?parent=7148"}],"wp:term":[{"taxonomy":"product_brand","embeddable":true,"href":"https:\/\/kleenoil.ee\/index.php\/wp-json\/wp\/v2\/product_brand?post=7148"},{"taxonomy":"product_cat","embeddable":true,"href":"https:\/\/kleenoil.ee\/index.php\/wp-json\/wp\/v2\/product_cat?post=7148"},{"taxonomy":"product_tag","embeddable":true,"href":"https:\/\/kleenoil.ee\/index.php\/wp-json\/wp\/v2\/product_tag?post=7148"}],"curies":[{"name":"wp","href":"https:\/\/api.w.org\/{rel}","templated":true}]}}